{"version":"1.0","provider_name":"Movacolor","provider_url":"https:\/\/www.movacolor.com\/de\/","author_name":"Christiaan Visser","author_url":"https:\/\/www.movacolor.com\/de\/author\/snakeware\/","title":"Neuer CEO bei Movacolor - Movacolor","type":"rich","width":600,"height":338,"html":"<blockquote class=\"wp-embedded-content\" data-secret=\"VTd5ao564S\"><a href=\"https:\/\/www.movacolor.com\/de\/neuigkeiten\/neuer-ceo-bei-movacolor\/\">Neuer CEO bei Movacolor<\/a><\/blockquote><iframe sandbox=\"allow-scripts\" security=\"restricted\" src=\"https:\/\/www.movacolor.com\/de\/neuigkeiten\/neuer-ceo-bei-movacolor\/embed\/#?secret=VTd5ao564S\" width=\"600\" height=\"338\" title=\"&#8222;Neuer CEO bei Movacolor&#8220; &#8211; Movacolor\" data-secret=\"VTd5ao564S\" frameborder=\"0\" marginwidth=\"0\" marginheight=\"0\" scrolling=\"no\" class=\"wp-embedded-content\"><\/iframe><script>\n\/*! This file is auto-generated *\/\n!function(d,l){\"use strict\";l.querySelector&&d.addEventListener&&\"undefined\"!=typeof URL&&(d.wp=d.wp||{},d.wp.receiveEmbedMessage||(d.wp.receiveEmbedMessage=function(e){var t=e.data;if((t||t.secret||t.message||t.value)&&!\/[^a-zA-Z0-9]\/.test(t.secret)){for(var s,r,n,a=l.querySelectorAll('iframe[data-secret=\"'+t.secret+'\"]'),o=l.querySelectorAll('blockquote[data-secret=\"'+t.secret+'\"]'),c=new RegExp(\"^https?:$\",\"i\"),i=0;i<o.length;i++)o[i].style.display=\"none\";for(i=0;i<a.length;i++)s=a[i],e.source===s.contentWindow&&(s.removeAttribute(\"style\"),\"height\"===t.message?(1e3<(r=parseInt(t.value,10))?r=1e3:~~r<200&&(r=200),s.height=r):\"link\"===t.message&&(r=new URL(s.getAttribute(\"src\")),n=new URL(t.value),c.test(n.protocol))&&n.host===r.host&&l.activeElement===s&&(d.top.location.href=t.value))}},d.addEventListener(\"message\",d.wp.receiveEmbedMessage,!1),l.addEventListener(\"DOMContentLoaded\",function(){for(var e,t,s=l.querySelectorAll(\"iframe.wp-embedded-content\"),r=0;r<s.length;r++)(t=(e=s[r]).getAttribute(\"data-secret\"))||(t=Math.random().toString(36).substring(2,12),e.src+=\"#?secret=\"+t,e.setAttribute(\"data-secret\",t)),e.contentWindow.postMessage({message:\"ready\",secret:t},\"*\")},!1)))}(window,document);\n\/\/# sourceURL=https:\/\/www.movacolor.com\/wp-includes\/js\/wp-embed.min.js\n<\/script>\n","thumbnail_url":"https:\/\/www.movacolor.com\/wp-content\/uploads\/2023\/02\/Marc-Aandeweg-en-Gerhard-Dersjant-590x380-1.jpg","thumbnail_width":590,"thumbnail_height":380,"description":"Innerhalb von Movacolor hat ein F\u00fchrungswechsel stattgefunden. Gerhard Dersjant, ehemaliger CEO Movacolor: \u201eNach 13 wundersch\u00f6nen Jahren als CEO habe ich beschlossen, etwas k\u00fcrzerzutreten. Es ist an der Zeit, dass jemand anders die n\u00e4chste Phase von Movacolor einl\u00e4utet. Ich freue mich, Ihnen mitteilen zu k\u00f6nnen, dass Marc Aandeweg seit dem 1. April als neuer CEO von Movacolor t\u00e4tig ist.\u201c"}

Innerhalb von Movacolor hat ein Führungswechsel stattgefunden. Gerhard Dersjant, ehemaliger CEO Movacolor: „Nach 13 wunderschönen Jahren als CEO habe ich beschlossen, etwas kürzerzutreten. Es ist an der Zeit, dass jemand anders die nächste Phase von Movacolor einläutet. Ich freue mich, Ihnen mitteilen zu können, dass Marc Aandeweg seit dem 1. April als neuer CEO von Movacolor tätig ist.“
